{"id":5,"date":"2019-12-08T20:29:15","date_gmt":"2019-12-08T20:29:15","guid":{"rendered":"http:\/\/www1.stimmbande.at\/?page_id=5"},"modified":"2026-03-28T17:24:17","modified_gmt":"2026-03-28T17:24:17","slug":"termine","status":"publish","type":"page","link":"https:\/\/www.stimmbande.at\/index.php\/termine\/","title":{"rendered":"Termine"},"content":{"rendered":"\n<p>Mi, 13.5.2026: Lange Nacht der Ch\u00f6re, <strong>Fu\u00dfg\u00e4ngerzone Eisenstadt<\/strong>. <\/p>\n\n\n\n<p>Sa, 20.6.2026: Auftritt im <strong>Schloss Esterhazy<\/strong>, Details folgen<\/p>\n\n\n\n<p class=\"has-cyan-bluish-gray-color has-text-color has-link-color wp-elements-86e440a5493371392cb10be504bcd081\">So, 14.12.2025 um 17:00 Uhr: Wir sind zu Gast beim <strong>Adventkonzert des Singkreis Gro\u00dfh\u00f6flein <\/strong>in der Pfarrkirche Gro\u00dfh\u00f6flein (freier Eintritt)<\/p>\n\n\n\n<p class=\"has-cyan-bluish-gray-color has-text-color has-link-color wp-elements-d31676f7b78f827947bb5f4640d954fa\">Sa, 27.9.2025: Gro\u00dfes Jubil\u00e4umskonzert &#8211; <strong>20 Jahre Stimmbande! <\/strong>Festsaal BG\/BRG\/BORG Kurzwiese, Eisenstadt<\/p>\n\n\n\n<p class=\"has-cyan-bluish-gray-color has-text-color has-link-color wp-elements-1a45aa6871a752b34df035ae539ffacf\">Sa, 28.6.2025 um 18:00 Uhr: Wir sind zu Gast beim <strong>Sommernachtskonzert des Singkreis Gro\u00dfh\u00f6flein <\/strong> (freier Eintritt)<\/p>\n\n\n\n<p class=\"has-cyan-bluish-gray-color has-text-color has-link-color wp-elements-32143ad5872e9d2e0e9de5d81c091238\">Mi, 28.5.2025: Lange Nacht der Ch\u00f6re, <strong>Fu\u00dfg\u00e4ngerzone Eisenstadt<\/strong>. Unsere Auftritte: 18:25-18:45 Uhr: Caf\u00e9 im Hof, 20:05-20:25 Uhr: Aspirin.<\/p>\n\n\n\n<p class=\"has-cyan-bluish-gray-color has-text-color\">So, 15.12.2024  um 17:00 Uhr: Wir sind zu Gast beim <strong>Adventkonzert des Singkreis Gro\u00dfh\u00f6flein <\/strong>in der Pfarrkirche Gro\u00dfh\u00f6flein <\/p>\n\n\n\n<p class=\"has-cyan-bluish-gray-color has-text-color\">Sa, 14.12.2024: Die Stimmbande am <strong>Eisenst\u00e4dter Christkindlmarkt<\/strong>:                                  um 16:00 im Innenhof vom &#8222;Caf\u00e9 im Hof&#8220; (Hauptstr. 26),<br>um 17:15 im Innenhof vom &#8222;Weinschwein&#8220; (Hauptstr. 30)<\/p>\n\n\n\n<p class=\"has-cyan-bluish-gray-color has-text-color\">Sa, 14.9.2024: (Doppel-)Taufe in Kukmirn<\/p>\n\n\n\n<p class=\"has-cyan-bluish-gray-color has-text-color\">Mi, 8.5.2024: <strong>Lange Nacht der Ch\u00f6re in Eisenstadt. <\/strong>Wir singen um 19:00 ein kurzes Programm vor dem Rathaus und um 21:00 im Pulverturm.<\/p>\n\n\n\n<p class=\"has-cyan-bluish-gray-color has-text-color\">Sa, 27.4.2024: Silberne Hochzeit in Wien<\/p>\n\n\n\n<p class=\"has-cyan-bluish-gray-color has-text-color\">So, 10.12.2023 um 17:00 Uhr: Wir sind zu Gast beim <strong>Adventkonzert des Singkreis Gro\u00dfh\u00f6flein <\/strong>in der Pfarrkirche Gro\u00dfh\u00f6flein <\/p>\n\n\n\n<p class=\"has-cyan-bluish-gray-color has-text-color\">Fr, 22.12.2023 von 17:30-18:30 Uhr: <strong>Die Stimmbande am Christkindlmarkt <\/strong>(Eisenstadt, Fu\u00dfg\u00e4ngerzone)<\/p>\n\n\n\n<p class=\"has-cyan-bluish-gray-color has-text-color\">Sa, 9.9.2023 um 19:00 Uhr: <strong>Die Stimmbande beim Heurigen<\/strong>: Wein und Genussmomente Mariell, Gartengasse 23a\/1, 7051  Gro\u00dfh\u00f6flein (freier Eintritt)<\/p>\n\n\n\n<p class=\"has-cyan-bluish-gray-color has-text-color\">Sa, 2.9.2023 um 18:00 Uhr: <strong>Die Stimmbande beim Heurigen<\/strong>: <a href=\"https:\/\/www.raser-bayer.at\">BioWeingut und Heurigen Raser-Bayer<\/a>, Bodenzeile 2, 2465 H\u00f6flein  (freier Eintritt)<\/p>\n\n\n\n<p class=\"has-cyan-bluish-gray-color has-text-color\">Sa, 15.7.2023 um 19:00 Uhr: <strong>Die Stimmbande beim Heurigen<\/strong>: <a href=\"https:\/\/www.pachinger-genuss.at\/inc\/heurigenrestaurant.html\">Pachinger <\/a>, Brunnengasse 45, 7000 St Georgen bei Eisenstadt  (freier Eintritt)<\/p>\n\n\n\n<p class=\"has-cyan-bluish-gray-color has-text-color\">Fr, 14.7.2023 um 19:30 Uhr: <strong>Die Stimmbande beim Heurigen<\/strong>: <a href=\"https:\/\/www.hofpassage.at\/weinschwein\/\">Weinschwein <\/a>, Hauptstra\u00dfe 30, 7000 Eisenstadt  (freier Eintritt)<\/p>\n\n\n\n<p class=\"has-cyan-bluish-gray-color has-text-color\">1.7.2023 um 19:00 Uhr: Wir sind zu Gast beim <strong>Sommernachtskonzert des Singkreis Gro\u00dfh\u00f6flein <\/strong>im Pfarrheim Gro\u00dfh\u00f6flein (freier Eintritt)<\/p>\n\n\n\n<p class=\"has-cyan-bluish-gray-color has-text-color\">18.12.2022 um 17:00 Uhr: <strong>Die Stimmbande im Advent<\/strong>. Unser Adventkonzert in der Pfarrkirche Kleinh\u00f6flein (Eintritt: Freie Spende) <\/p>\n\n\n\n<p class=\"has-cyan-bluish-gray-color has-text-color\">11.12.2022 um 17:00 Uhr: Wir sind zu Gast beim <strong>Adventkonzert des Singkreis Gro\u00dfh\u00f6flein <\/strong>in der Pfarrkirche Gro\u00dfh\u00f6flein <\/p>\n\n\n\n<p class=\"has-cyan-bluish-gray-color has-text-color\">4.9.2022 um 18:00 Uhr: <strong>Die Stimmbande beim Heurigen<\/strong>: <a href=\"https:\/\/www.raser-bayer.at\">BioWeingut und Heurigen Raser-Bayer<\/a>, Bodenzeile 2, 2465 H\u00f6flein<\/p>\n\n\n\n<p class=\"has-cyan-bluish-gray-color has-text-color\">24.7.2022 um 18:30 Uhr: <strong>Die Stimmbande beim Heurigen<\/strong>: Wein und Genussmomente Mariell, Gartengasse 23a\/1, 7051  Gro\u00dfh\u00f6flein<\/p>\n\n\n\n<p class=\"has-cyan-bluish-gray-color has-text-color\">23.7.2022 um 18:30 Uhr: <strong>Die Stimmbande beim Heurigen<\/strong>: Kirnerhof, Kleinh\u00f6fleiner Hauptstra\u00dfe 40, 7000 Kleinh\u00f6flein<\/p>\n\n\n\n<p><\/p>\n\n\n\n<p><\/p>\n\n\n\n<p><\/p>\n\n\n\n<p><\/p>\n\n\n\n<p><\/p>\n\n\n\n<p><\/p>\n\n\n\n<p><\/p>\n\n\n\n<p><\/p>\n\n\n\n<p><\/p>\n\n\n\n<p class=\"has-cyan-bluish-gray-color has-text-color\">14.5.2022: <strong>Trauung<\/strong> (Wien)<\/p>\n","protected":false},"excerpt":{"rendered":"<p>Mi, 13.5.2026: Lange Nacht der Ch\u00f6re, Fu\u00dfg\u00e4ngerzone Eisenstadt. Sa, 20.6.2026: Auftritt im Schloss Esterhazy, Details folgen So, 14.12.2025 um 17:00 Uhr: Wir sind zu Gast beim Adventkonzert des Singkreis Gro\u00dfh\u00f6flein in der Pfarrkirche Gro\u00dfh\u00f6flein (freier Eintritt) Sa, 27.9.2025: Gro\u00dfes Jubil\u00e4umskonzert &#8211; 20 Jahre Stimmbande! Festsaal BG\/BRG\/BORG Kurzwiese, Eisenstadt Sa, 28.6.2025 um 18:00 Uhr: Wir sind &hellip; <\/p>\n<p class=\"link-more\"><a href=\"https:\/\/www.stimmbande.at\/index.php\/termine\/\" class=\"more-link\"><span class=\"screen-reader-text\">\u201eTermine\u201c<\/span> weiterlesen<\/a><\/p>\n","protected":false},"author":1,"featured_media":0,"parent":0,"menu_order":0,"comment_status":"closed","ping_status":"closed","template":"","meta":{"footnotes":""},"class_list":["post-5","page","type-page","status-publish","hentry"],"_links":{"self":[{"href":"https:\/\/www.stimmbande.at\/index.php\/wp-json\/wp\/v2\/pages\/5","targetHints":{"allow":["GET"]}}],"collection":[{"href":"https:\/\/www.stimmbande.at\/index.php\/wp-json\/wp\/v2\/pages"}],"about":[{"href":"https:\/\/www.stimmbande.at\/index.php\/wp-json\/wp\/v2\/types\/page"}],"author":[{"embeddable":true,"href":"https:\/\/www.stimmbande.at\/index.php\/wp-json\/wp\/v2\/users\/1"}],"replies":[{"embeddable":true,"href":"https:\/\/www.stimmbande.at\/index.php\/wp-json\/wp\/v2\/comments?post=5"}],"version-history":[{"count":47,"href":"https:\/\/www.stimmbande.at\/index.php\/wp-json\/wp\/v2\/pages\/5\/revisions"}],"predecessor-version":[{"id":274,"href":"https:\/\/www.stimmbande.at\/index.php\/wp-json\/wp\/v2\/pages\/5\/revisions\/274"}],"wp:attachment":[{"href":"https:\/\/www.stimmbande.at\/index.php\/wp-json\/wp\/v2\/media?parent=5"}],"curies":[{"name":"wp","href":"https:\/\/api.w.org\/{rel}","templated":true}]}}

<p>Mi, 13.5.2026: Lange Nacht der Chöre, <strong>Fußgängerzone Eisenstadt</strong>. </p>



<p>Sa, 20.6.2026: Auftritt im <strong>Schloss Esterhazy</strong>, Details folgen</p>



<p class="has-cyan-bluish-gray-color has-text-color has-link-color wp-elements-86e440a5493371392cb10be504bcd081">So, 14.12.2025 um 17:00 Uhr: Wir sind zu Gast beim <strong>Adventkonzert des Singkreis Großhöflein </strong>in der Pfarrkirche Großhöflein (freier Eintritt)</p>



<p class="has-cyan-bluish-gray-color has-text-color has-link-color wp-elements-d31676f7b78f827947bb5f4640d954fa">Sa, 27.9.2025: Großes Jubiläumskonzert &#8211; <strong>20 Jahre Stimmbande! </strong>Festsaal BG/BRG/BORG Kurzwiese, Eisenstadt</p>



<p class="has-cyan-bluish-gray-color has-text-color has-link-color wp-elements-1a45aa6871a752b34df035ae539ffacf">Sa, 28.6.2025 um 18:00 Uhr: Wir sind zu Gast beim <strong>Sommernachtskonzert des Singkreis Großhöflein </strong> (freier Eintritt)</p>



<p class="has-cyan-bluish-gray-color has-text-color has-link-color wp-elements-32143ad5872e9d2e0e9de5d81c091238">Mi, 28.5.2025: Lange Nacht der Chöre, <strong>Fußgängerzone Eisenstadt</strong>. Unsere Auftritte: 18:25-18:45 Uhr: Café im Hof, 20:05-20:25 Uhr: Aspirin.</p>



<p class="has-cyan-bluish-gray-color has-text-color">So, 15.12.2024  um 17:00 Uhr: Wir sind zu Gast beim <strong>Adventkonzert des Singkreis Großhöflein </strong>in der Pfarrkirche Großhöflein </p>



<p class="has-cyan-bluish-gray-color has-text-color">Sa, 14.12.2024: Die Stimmbande am <strong>Eisenstädter Christkindlmarkt</strong>:                                  um 16:00 im Innenhof vom &#8222;Café im Hof&#8220; (Hauptstr. 26),<br>um 17:15 im Innenhof vom &#8222;Weinschwein&#8220; (Hauptstr. 30)</p>



<p class="has-cyan-bluish-gray-color has-text-color">Sa, 14.9.2024: (Doppel-)Taufe in Kukmirn</p>



<p class="has-cyan-bluish-gray-color has-text-color">Mi, 8.5.2024: <strong>Lange Nacht der Chöre in Eisenstadt. </strong>Wir singen um 19:00 ein kurzes Programm vor dem Rathaus und um 21:00 im Pulverturm.</p>



<p class="has-cyan-bluish-gray-color has-text-color">Sa, 27.4.2024: Silberne Hochzeit in Wien</p>



<p class="has-cyan-bluish-gray-color has-text-color">So, 10.12.2023 um 17:00 Uhr: Wir sind zu Gast beim <strong>Adventkonzert des Singkreis Großhöflein </strong>in der Pfarrkirche Großhöflein </p>



<p class="has-cyan-bluish-gray-color has-text-color">Fr, 22.12.2023 von 17:30-18:30 Uhr: <strong>Die Stimmbande am Christkindlmarkt </strong>(Eisenstadt, Fußgängerzone)</p>



<p class="has-cyan-bluish-gray-color has-text-color">Sa, 9.9.2023 um 19:00 Uhr: <strong>Die Stimmbande beim Heurigen</strong>: Wein und Genussmomente Mariell, Gartengasse 23a/1, 7051  Großhöflein (freier Eintritt)</p>



<p class="has-cyan-bluish-gray-color has-text-color">Sa, 2.9.2023 um 18:00 Uhr: <strong>Die Stimmbande beim Heurigen</strong>: <a href="https://www.raser-bayer.at">BioWeingut und Heurigen Raser-Bayer</a>, Bodenzeile 2, 2465 Höflein  (freier Eintritt)</p>



<p class="has-cyan-bluish-gray-color has-text-color">Sa, 15.7.2023 um 19:00 Uhr: <strong>Die Stimmbande beim Heurigen</strong>: <a href="https://www.pachinger-genuss.at/inc/heurigenrestaurant.html">Pachinger </a>, Brunnengasse 45, 7000 St Georgen bei Eisenstadt  (freier Eintritt)</p>



<p class="has-cyan-bluish-gray-color has-text-color">Fr, 14.7.2023 um 19:30 Uhr: <strong>Die Stimmbande beim Heurigen</strong>: <a href="https://www.hofpassage.at/weinschwein/">Weinschwein </a>, Hauptstraße 30, 7000 Eisenstadt  (freier Eintritt)</p>



<p class="has-cyan-bluish-gray-color has-text-color">1.7.2023 um 19:00 Uhr: Wir sind zu Gast beim <strong>Sommernachtskonzert des Singkreis Großhöflein </strong>im Pfarrheim Großhöflein (freier Eintritt)</p>



<p class="has-cyan-bluish-gray-color has-text-color">18.12.2022 um 17:00 Uhr: <strong>Die Stimmbande im Advent</strong>. Unser Adventkonzert in der Pfarrkirche Kleinhöflein (Eintritt: Freie Spende) </p>



<p class="has-cyan-bluish-gray-color has-text-color">11.12.2022 um 17:00 Uhr: Wir sind zu Gast beim <strong>Adventkonzert des Singkreis Großhöflein </strong>in der Pfarrkirche Großhöflein </p>



<p class="has-cyan-bluish-gray-color has-text-color">4.9.2022 um 18:00 Uhr: <strong>Die Stimmbande beim Heurigen</strong>: <a href="https://www.raser-bayer.at">BioWeingut und Heurigen Raser-Bayer</a>, Bodenzeile 2, 2465 Höflein</p>



<p class="has-cyan-bluish-gray-color has-text-color">24.7.2022 um 18:30 Uhr: <strong>Die Stimmbande beim Heurigen</strong>: Wein und Genussmomente Mariell, Gartengasse 23a/1, 7051  Großhöflein</p>



<p class="has-cyan-bluish-gray-color has-text-color">23.7.2022 um 18:30 Uhr: <strong>Die Stimmbande beim Heurigen</strong>: Kirnerhof, Kleinhöfleiner Hauptstraße 40, 7000 Kleinhöflein</p>



<p></p>



<p></p>



<p></p>



<p></p>



<p></p>



<p></p>



<p></p>



<p></p>



<p></p>



<p class="has-cyan-bluish-gray-color has-text-color">14.5.2022: <strong>Trauung</strong> (Wien)</p>

<p>Mi, 13.5.2026: Lange Nacht der Chöre, Fußgängerzone Eisenstadt. Sa, 20.6.2026: Auftritt im Schloss Esterhazy, Details folgen So, 14.12.2025 um 17:00 Uhr: Wir sind zu Gast beim Adventkonzert des Singkreis Großhöflein in der Pfarrkirche Großhöflein (freier Eintritt) Sa, 27.9.2025: Großes Jubiläumskonzert &#8211; 20 Jahre Stimmbande! Festsaal BG/BRG/BORG Kurzwiese, Eisenstadt Sa, 28.6.2025 um 18:00 Uhr: Wir sind &hellip; </p>
<p class="link-more"><a href="https://www.stimmbande.at/index.php/termine/" class="more-link"><span class="screen-reader-text">„Termine“</span> weiterlesen</a></p>
